{"id":10005,"date":"2021-09-01T11:18:24","date_gmt":"2021-09-01T09:18:24","guid":{"rendered":"https:\/\/www.mittelalterkraemer.de\/?post_type=product&#038;p=10005"},"modified":"2026-01-12T14:42:40","modified_gmt":"2026-01-12T13:42:40","slug":"einfache-runde-flasche","status":"publish","type":"product","link":"https:\/\/www.mittelalterkraemer.de\/?product=einfache-runde-flasche","title":{"rendered":"Einfache runde Flasche"},"content":{"rendered":"<p>H\u00f6he 24,5 cm<br \/>\nInhalt 1 Liter<\/p>\n<p>Handgefertigt<\/p>\n<p>Nur noch ZWEI auf Lager. In 3-5 Tagen lieferbar!<\/p>\n<p><b>Eine einfache Flasche mit runder bzw. birnenf\u00f6rmiger Form und d\u00fcnnem Hals. Mit einem Korken verschlossen.<br \/>\nDer Ring um den Hals soll ein verschmutzen des Tisches oder der Tischdecke verhindern.<br \/>\nDas Glas ist mit winzigen Luftblaseneinschl\u00fcssen durchzogen<\/b><\/p>\n<p>Diese Flaschenform hielt sich bis ins Mittelalter, auch wenn sie in dieser Form auch schon bei den R\u00f6mern bekannt war und benutzt wurde.<\/p>\n<p>Wein wurde in F\u00e4ssern transportiert und aufbewahrt. Aber zum Servieren verwendete man Flaschen in dieser Art. Nat\u00fcrlich kann man auch jede andere Fl\u00fcssigkeit in diesen Flaschen aufbewahren.<\/p>\n<p>Diese Flasche ist eine Replik eines Ausstellungsst\u00fccks aus dem British Museum, London.<\/p>\n<p>Beachtet bitte auch die anderen <a href=\"https:\/\/www.mittelalterkraemer.de\/?product_cat=flaschen-und-glaeser\">Flaschen und Gl\u00e4ser<\/a> aus unserem Sortiment.<\/p>\n<p><span style=\"font-size: 75%;\">Dekorationsartikel geh\u00f6ren nicht zum Lieferumfang.<\/span><\/p>\n","protected":false},"excerpt":{"rendered":"<p>H\u00f6he 24,5 cm Inhalt 1 Liter Handgefertigt Nur noch ZWEI auf Lager. In 3-5 Tagen lieferbar! Eine einfache Flasche mit runder bzw. birnenf\u00f6rmiger Form und d\u00fcnnem Hals. Mit einem Korken verschlossen. Der Ring um den Hals soll ein verschmutzen des Tisches oder der Tischdecke verhindern. Das Glas ist mit winzigen Luftblaseneinschl\u00fcssen durchzogen Diese Flaschenform hielt [&#8230;]\n","protected":false},"featured_media":10412,"comment_status":"open","ping_status":"closed","template":"","meta":[],"product_brand":[],"product_cat":[80,81,144,165],"product_tag":[],"class_list":{"0":"post-10005","1":"product","2":"type-product","3":"status-publish","4":"has-post-thumbnail","6":"product_cat-kueche","7":"product_cat-lagerausstattung","8":"product_cat-alltagsgegenstaende","9":"product_cat-flaschen-und-glaeser","10":"tm-no-options","12":"first","13":"outofstock","14":"featured","15":"taxable","16":"shipping-taxable","17":"purchasable","18":"product-type-variable"},"_links":{"self":[{"href":"https:\/\/www.mittelalterkraemer.de\/index.php?rest_route=\/wp\/v2\/product\/10005","targetHints":{"allow":["GET"]}}],"collection":[{"href":"https:\/\/www.mittelalterkraemer.de\/index.php?rest_route=\/wp\/v2\/product"}],"about":[{"href":"https:\/\/www.mittelalterkraemer.de\/index.php?rest_route=\/wp\/v2\/types\/product"}],"replies":[{"embeddable":true,"href":"https:\/\/www.mittelalterkraemer.de\/index.php?rest_route=%2Fwp%2Fv2%2Fcomments&post=10005"}],"wp:featuredmedia":[{"embeddable":true,"href":"https:\/\/www.mittelalterkraemer.de\/index.php?rest_route=\/wp\/v2\/media\/10412"}],"wp:attachment":[{"href":"https:\/\/www.mittelalterkraemer.de\/index.php?rest_route=%2Fwp%2Fv2%2Fmedia&parent=10005"}],"wp:term":[{"taxonomy":"product_brand","embeddable":true,"href":"https:\/\/www.mittelalterkraemer.de\/index.php?rest_route=%2Fwp%2Fv2%2Fproduct_brand&post=10005"},{"taxonomy":"product_cat","embeddable":true,"href":"https:\/\/www.mittelalterkraemer.de\/index.php?rest_route=%2Fwp%2Fv2%2Fproduct_cat&post=10005"},{"taxonomy":"product_tag","embeddable":true,"href":"https:\/\/www.mittelalterkraemer.de\/index.php?rest_route=%2Fwp%2Fv2%2Fproduct_tag&post=10005"}],"curies":[{"name":"wp","href":"https:\/\/api.w.org\/{rel}","templated":true}]}}