{"id":10302,"date":"2021-10-04T14:26:51","date_gmt":"2021-10-04T12:26:51","guid":{"rendered":"https:\/\/www.mittelalterkraemer.de\/?post_type=product&#038;p=10302"},"modified":"2026-01-12T14:48:38","modified_gmt":"2026-01-12T13:48:38","slug":"spaetmittelalter-pilgerabzeichen-pelikan","status":"publish","type":"product","link":"https:\/\/www.mittelalterkraemer.de\/?product=spaetmittelalter-pilgerabzeichen-pelikan","title":{"rendered":"Sp\u00e4tmittelalter &#8211; Pilgerabzeichen &#8220;Pelikan&#8221;"},"content":{"rendered":"<p>Ein Pilgerabzeichen aus Zinn.<br \/>\nMa\u00dfe: 2,8 cm auf 2,8 cm<\/p>\n<p><b>Hier handelt es sich um die Nachbildung eines Abzeichens mit der Abbildung eines Pelikans.<br \/>\nSolche Pilgerabzeichen sind bei katholischen Pilgern noch heute \u00fcblich. Es handelt sich um eine Art Orden als Auszeichnung f\u00fcr das erfolgreiche Erreichen des Pilgerortes oder wie in diesem Fall einfach um ein Symbol und Gl\u00fccksbringer.<\/b><\/p>\n<p>Der Pelikan f\u00fcttert seine Jungen mit seinem eigenen Fleisch. Dies war ein Symbol f\u00fcr die Gnade von Jesus Christ und war ein sehr weit verbreitetes religi\u00f6ses Symbol.<\/p>\n<p>Gefunden wurde dieses Zinnabzeichen mit dem Pelikan das hier die Grundlage f\u00fcr die Replik bildete in Brugge (Holland). Dieses wurde auf 1450-1500 datiert. Der Pelikan wurde aber von 1325-1500 gefunden und war in ganz Europa verbreitet.<\/p>\n<p>Pilgerzeichen an sich sind ab Mitte des 12. Jahrhunderts \u00fcblich.<\/p>\n<p>Offizielle kirchliche Pilgerabzeichen brachte man f\u00fcr gew\u00f6hnlich gut sichtbar an seiner <a href=\"https:\/\/www.mittelalterkraemer.de\/?product=kappe-pillbox-cap-wollmuetze\">Kappe<\/a>, der <a href=\"https:\/\/www.mittelalterkraemer.de\/?product=spaetmittelalter-gugel\">Gugel<\/a>, auf der <a href=\"https:\/\/www.mittelalterkraemer.de\/?product_cat=oberbekleidung-maentel-kleidung-herren\">Oberbekleidung<\/a> an oder auf einer <a href=\"https:\/\/www.mittelalterkraemer.de\/?product_cat=taschen\">Tasche<\/a> an.<br \/>\nAnr\u00fcchige, Libido- oder Fruchtbarkeitsanregende oder auch Liebes und Treue-Abzeichen wurden wohl auch am <a href=\"https:\/\/www.mittelalterkraemer.de\/?product_cat=unterbekleidung\">Untergewand<\/a> angebracht. Eben eher dort wo sie helfen sollten.<\/p>\n<p><span style=\"font-size: 75%;\">Dekorationsartikel geh\u00f6ren nicht zum Lieferumfang. Lieferzeit 3-5 Tage*****.<\/span><\/p>\n<p><span style=\"font-size: 75%;\">***** gilt f\u00fcr Lieferungen innerhalb Deutschlands, Lieferzeiten f\u00fcr andere L\u00e4nder entnehmen Sie bitte der Schaltfl\u00e4che mit den Versandinformationen<\/span><\/p>\n","protected":false},"excerpt":{"rendered":"<p>Ein Pilgerabzeichen aus Zinn. Ma\u00dfe: 2,8 cm auf 2,8 cm Hier handelt es sich um die Nachbildung eines Abzeichens mit der Abbildung eines Pelikans. Solche Pilgerabzeichen sind bei katholischen Pilgern noch heute \u00fcblich. Es handelt sich um eine Art Orden als Auszeichnung f\u00fcr das erfolgreiche Erreichen des Pilgerortes oder wie in diesem Fall einfach um [&#8230;]\n","protected":false},"featured_media":10419,"comment_status":"open","ping_status":"closed","template":"","meta":[],"product_brand":[],"product_cat":[77,130],"product_tag":[],"class_list":{"0":"post-10302","1":"product","2":"type-product","3":"status-publish","4":"has-post-thumbnail","6":"product_cat-accessoires","7":"product_cat-geschmeide-sakramentale","8":"product_shipping_class-stdversand","9":"tm-no-options","11":"first","12":"instock","13":"featured","14":"taxable","15":"shipping-taxable","16":"purchasable","17":"product-type-simple"},"_links":{"self":[{"href":"https:\/\/www.mittelalterkraemer.de\/index.php?rest_route=\/wp\/v2\/product\/10302","targetHints":{"allow":["GET"]}}],"collection":[{"href":"https:\/\/www.mittelalterkraemer.de\/index.php?rest_route=\/wp\/v2\/product"}],"about":[{"href":"https:\/\/www.mittelalterkraemer.de\/index.php?rest_route=\/wp\/v2\/types\/product"}],"replies":[{"embeddable":true,"href":"https:\/\/www.mittelalterkraemer.de\/index.php?rest_route=%2Fwp%2Fv2%2Fcomments&post=10302"}],"wp:featuredmedia":[{"embeddable":true,"href":"https:\/\/www.mittelalterkraemer.de\/index.php?rest_route=\/wp\/v2\/media\/10419"}],"wp:attachment":[{"href":"https:\/\/www.mittelalterkraemer.de\/index.php?rest_route=%2Fwp%2Fv2%2Fmedia&parent=10302"}],"wp:term":[{"taxonomy":"product_brand","embeddable":true,"href":"https:\/\/www.mittelalterkraemer.de\/index.php?rest_route=%2Fwp%2Fv2%2Fproduct_brand&post=10302"},{"taxonomy":"product_cat","embeddable":true,"href":"https:\/\/www.mittelalterkraemer.de\/index.php?rest_route=%2Fwp%2Fv2%2Fproduct_cat&post=10302"},{"taxonomy":"product_tag","embeddable":true,"href":"https:\/\/www.mittelalterkraemer.de\/index.php?rest_route=%2Fwp%2Fv2%2Fproduct_tag&post=10302"}],"curies":[{"name":"wp","href":"https:\/\/api.w.org\/{rel}","templated":true}]}}