{"id":11555,"date":"2023-04-27T15:05:18","date_gmt":"2023-04-27T14:05:18","guid":{"rendered":"https:\/\/www.mittelalterkraemer.de\/?post_type=product&#038;p=11555"},"modified":"2026-01-13T11:43:53","modified_gmt":"2026-01-13T10:43:53","slug":"fruehmittelalter-gugel","status":"publish","type":"product","link":"https:\/\/www.mittelalterkraemer.de\/?product=fruehmittelalter-gugel","title":{"rendered":"Fr\u00fchmittelalter &#8211; Gugel"},"content":{"rendered":"<p>Eine Gugel aus Wolle mit Naturleinen gef\u00fcttert.<br \/>\nS = f\u00fcr 54-55 cm Kopfumfang<br \/>\nM = f\u00fcr 56-57 cm Kopfumfang<br \/>\nL = f\u00fcr 58-59 cm Kopfumfang<br \/>\nXL = f\u00fcr 60-61 cm Kopfumfang<br \/>\nXXL = f\u00fcr 62-64 cm Kopfumfang<\/p>\n<p>Alle <a href=\"http:\/\/www.mittelalterkraemer.de\/?page_id=8703\"><u>Farben<\/u><\/a> mit einer Lieferzeit von 4-6 Wochen lieferbar.<\/p>\n<p>Ma\u00dfanfertigungen sind f\u00fcr einen Aufpreis von 20% ebenfalls m\u00f6glich.<br \/>\nWaren auf Ma\u00df sind vom Umtausch ausgeschlossen.<br \/>\nEine Tabelle f\u00fcr die erforderlichen Ma\u00dfe wird von uns nach Zahlungseingang versendet.<\/p>\n<p>Alle sichtbaren N\u00e4hte handvern\u00e4ht.<\/p>\n<p>Wolle &#8211; ca. 370 Gramm pro Quadratmeter<br \/>\nLeinen &#8211; ca. 230 Gramm pro Quadratmeter<\/p>\n<p><b>Eine Gugel aus Wollstoff, Innen gef\u00fcttert mit naturfarbigem Leinen. Die F\u00fctterung verleiht dem Kleidungsst\u00fcck mehr Stabilit\u00e4t, d\u00e4mmt gegen K\u00e4lte und Hitze und vermeidet Kratzen. Die Gugel ist mit dem f\u00fcr Fr\u00fchmittelalter typischen konisch zulaufenden Kapuze und aus den Funden von Skjoldehamn bekannten trapezf\u00f6rmigen Schulterteilen gefertigt.<\/b><\/p>\n<p><b>Dieses einfache Kleidungsst\u00fcck macht einen geradezu unverwechselbar zu einem Wikinger, so typisch und einzigartig ist es f\u00fcr die Darstellung.<\/b><\/p>\n<p><b> <\/b><span style=\"font-size: 14.4px;\">Die Gugel ist das Kleidungsst\u00fcck des Mittelalters das alle anderen \u00fcberdauerte. Letztlich gibt es das Kleidungsst\u00fcck als Tracht auch heute noch als Erkennungssymbol zum Beispiel f\u00fcr den Geheimbund der Guglm\u00e4nner.<\/span><\/p>\n<p>Mit Anfang des Hochmittelalters tauchte sie auf und war vor allem Gebrauchsgegenstand. Erst im 14. Jh. wurde sie Statussymbol und Zierde. Sie wurde bunt, mit Gl\u00f6ckchen und Kn\u00f6pfen verziert, mit Zaddeln versehen und der Zipfel wurde immer l\u00e4nger. Erst ab dieser Zeit wurde die Gugel auch zu einem ausgesprochen m\u00e4nnlichem Kleidungsst\u00fcck, und das Tragen von Gugeln von Frauen galt in manchen Gegenden als Zeichen der &#8220;Unrechtschaffenheit&#8221;.<\/p>\n<p>Zur Zeit des Fr\u00fch- und Hochmittelalters gab die Gugel vor allem warm und zwar am ganzen Kopf und am Hals. Zudem wurden die Schultern zus\u00e4tzlich vor Wind und Wetter gesch\u00fctzt. Sie wurde zu diesem Zwecke von Frauen und M\u00e4nnern getragen.<\/p>\n<p>Au\u00dferdem ist der Begriff &#8220;Gugel&#8221; f\u00fcr diese allein getragene Kapuze als typisch deutsch zu betrachten.<br \/>\nZwar wurde die Gugel in der ganzen bekannten Welt getragen, trotzdem trug sie aber den Namen unter dem man sie in ihrem Herkunftsbereich kannte. So gab es f\u00fcr die Gugel in den meisten Sprachen kein eigenes Wort zum Beispiel in England, Frankreich und auch Spanien.<\/p>\n<p>Sie ist das beste Erg\u00e4nzungsst\u00fcck f\u00fcr jede Art von <a href=\"https:\/\/www.mittelalterkraemer.de\/?product_cat=oberbekleidung-maentel-kleidung-herren\">Oberbekleidung<\/a>.<\/p>\n<p><span style=\"font-size: 75%;\">Dekorationsartikel geh\u00f6ren nicht zum Lieferumfang<\/span><\/p>\n<p><span style=\"font-size: 75%;\">*Ma\u00dfgefertigte Produkte werden individuell auf vom Kunden zur Verf\u00fcgung gestellten Ma\u00dfen angefertigt. Die entsprechende Ma\u00dftabelle wird nach Bestellung an die angegebene E-Mail-Adresse versendet. Die Ma\u00dfe m\u00fcssen so genommen werden wie die Kleidung nachher getragen werden soll, also mit entsprechender Unterw\u00e4sche\/-kleidung, falls gew\u00fcnscht.<\/span><\/p>\n<p><span style=\"font-size: 75%;\">**Komplett handvern\u00e4ht bedeutet dass alle N\u00e4hte von Hand vern\u00e4ht werden, inklusive aller sichtbaren und unsichtbaren N\u00e4hte.<\/span><\/p>\n<p><span style=\"font-size: 75%;\">***Wollstoff aus mindestens 80% Wolle und h\u00f6chstens 20% Polyamid<\/span><\/p>\n","protected":false},"excerpt":{"rendered":"<p>Eine Gugel aus Wolle mit Naturleinen gef\u00fcttert. S = f\u00fcr 54-55 cm Kopfumfang M = f\u00fcr 56-57 cm Kopfumfang L = f\u00fcr 58-59 cm Kopfumfang XL = f\u00fcr 60-61 cm Kopfumfang XXL = f\u00fcr 62-64 cm Kopfumfang Alle Farben mit einer Lieferzeit von 4-6 Wochen lieferbar. Ma\u00dfanfertigungen sind f\u00fcr einen Aufpreis von 20% ebenfalls m\u00f6glich. [&#8230;]\n","protected":false},"featured_media":11560,"comment_status":"open","ping_status":"closed","template":"","meta":[],"product_brand":[],"product_cat":[74,75,90,91,94,95],"product_tag":[],"class_list":{"0":"post-11555","1":"product","2":"type-product","3":"status-publish","4":"has-post-thumbnail","6":"product_cat-kleidung-damen","7":"product_cat-kleidung-herren","8":"product_cat-oberbekleidung-maentel","9":"product_cat-kopfbedeckungen","10":"product_cat-oberbekleidung-maentel-kleidung-herren","11":"product_cat-kopfbedeckungen-kleidung-herren","12":"product_shipping_class-stdversand","13":"tm-has-options","15":"first","16":"instock","17":"featured","18":"taxable","19":"shipping-taxable","20":"purchasable","21":"product-type-variable"},"_links":{"self":[{"href":"https:\/\/www.mittelalterkraemer.de\/index.php?rest_route=\/wp\/v2\/product\/11555","targetHints":{"allow":["GET"]}}],"collection":[{"href":"https:\/\/www.mittelalterkraemer.de\/index.php?rest_route=\/wp\/v2\/product"}],"about":[{"href":"https:\/\/www.mittelalterkraemer.de\/index.php?rest_route=\/wp\/v2\/types\/product"}],"replies":[{"embeddable":true,"href":"https:\/\/www.mittelalterkraemer.de\/index.php?rest_route=%2Fwp%2Fv2%2Fcomments&post=11555"}],"wp:featuredmedia":[{"embeddable":true,"href":"https:\/\/www.mittelalterkraemer.de\/index.php?rest_route=\/wp\/v2\/media\/11560"}],"wp:attachment":[{"href":"https:\/\/www.mittelalterkraemer.de\/index.php?rest_route=%2Fwp%2Fv2%2Fmedia&parent=11555"}],"wp:term":[{"taxonomy":"product_brand","embeddable":true,"href":"https:\/\/www.mittelalterkraemer.de\/index.php?rest_route=%2Fwp%2Fv2%2Fproduct_brand&post=11555"},{"taxonomy":"product_cat","embeddable":true,"href":"https:\/\/www.mittelalterkraemer.de\/index.php?rest_route=%2Fwp%2Fv2%2Fproduct_cat&post=11555"},{"taxonomy":"product_tag","embeddable":true,"href":"https:\/\/www.mittelalterkraemer.de\/index.php?rest_route=%2Fwp%2Fv2%2Fproduct_tag&post=11555"}],"curies":[{"name":"wp","href":"https:\/\/api.w.org\/{rel}","templated":true}]}}

Frühmittelalter &#8211; Gugel

<p>Eine Gugel aus Wolle mit Naturleinen gefüttert.<br />
S = für 54-55 cm Kopfumfang<br />
M = für 56-57 cm Kopfumfang<br />
L = für 58-59 cm Kopfumfang<br />
XL = für 60-61 cm Kopfumfang<br />
XXL = für 62-64 cm Kopfumfang</p>
<p>Alle <a href="http://www.mittelalterkraemer.de/?page_id=8703"><u>Farben</u></a> mit einer Lieferzeit von 4-6 Wochen lieferbar.</p>
<p>Maßanfertigungen sind für einen Aufpreis von 20% ebenfalls möglich.<br />
Waren auf Maß sind vom Umtausch ausgeschlossen.<br />
Eine Tabelle für die erforderlichen Maße wird von uns nach Zahlungseingang versendet.</p>
<p>Alle sichtbaren Nähte handvernäht.</p>
<p>Wolle &#8211; ca. 370 Gramm pro Quadratmeter<br />
Leinen &#8211; ca. 230 Gramm pro Quadratmeter</p>
<p><b>Eine Gugel aus Wollstoff, Innen gefüttert mit naturfarbigem Leinen. Die Fütterung verleiht dem Kleidungsstück mehr Stabilität, dämmt gegen Kälte und Hitze und vermeidet Kratzen. Die Gugel ist mit dem für Frühmittelalter typischen konisch zulaufenden Kapuze und aus den Funden von Skjoldehamn bekannten trapezförmigen Schulterteilen gefertigt.</b></p>
<p><b>Dieses einfache Kleidungsstück macht einen geradezu unverwechselbar zu einem Wikinger, so typisch und einzigartig ist es für die Darstellung.</b></p>
<p><b> </b><span style="font-size: 14.4px;">Die Gugel ist das Kleidungsstück des Mittelalters das alle anderen überdauerte. Letztlich gibt es das Kleidungsstück als Tracht auch heute noch als Erkennungssymbol zum Beispiel für den Geheimbund der Guglmänner.</span></p>
<p>Mit Anfang des Hochmittelalters tauchte sie auf und war vor allem Gebrauchsgegenstand. Erst im 14. Jh. wurde sie Statussymbol und Zierde. Sie wurde bunt, mit Glöckchen und Knöpfen verziert, mit Zaddeln versehen und der Zipfel wurde immer länger. Erst ab dieser Zeit wurde die Gugel auch zu einem ausgesprochen männlichem Kleidungsstück, und das Tragen von Gugeln von Frauen galt in manchen Gegenden als Zeichen der &#8220;Unrechtschaffenheit&#8221;.</p>
<p>Zur Zeit des Früh- und Hochmittelalters gab die Gugel vor allem warm und zwar am ganzen Kopf und am Hals. Zudem wurden die Schultern zusätzlich vor Wind und Wetter geschützt. Sie wurde zu diesem Zwecke von Frauen und Männern getragen.</p>
<p>Außerdem ist der Begriff &#8220;Gugel&#8221; für diese allein getragene Kapuze als typisch deutsch zu betrachten.<br />
Zwar wurde die Gugel in der ganzen bekannten Welt getragen, trotzdem trug sie aber den Namen unter dem man sie in ihrem Herkunftsbereich kannte. So gab es für die Gugel in den meisten Sprachen kein eigenes Wort zum Beispiel in England, Frankreich und auch Spanien.</p>
<p>Sie ist das beste Ergänzungsstück für jede Art von <a href="https://www.mittelalterkraemer.de/?product_cat=oberbekleidung-maentel-kleidung-herren">Oberbekleidung</a>.</p>
<p><span style="font-size: 75%;">Dekorationsartikel gehören nicht zum Lieferumfang</span></p>
<p><span style="font-size: 75%;">*Maßgefertigte Produkte werden individuell auf vom Kunden zur Verfügung gestellten Maßen angefertigt. Die entsprechende Maßtabelle wird nach Bestellung an die angegebene E-Mail-Adresse versendet. Die Maße müssen so genommen werden wie die Kleidung nachher getragen werden soll, also mit entsprechender Unterwäsche/-kleidung, falls gewünscht.</span></p>
<p><span style="font-size: 75%;">**Komplett handvernäht bedeutet dass alle Nähte von Hand vernäht werden, inklusive aller sichtbaren und unsichtbaren Nähte.</span></p>
<p><span style="font-size: 75%;">***Wollstoff aus mindestens 80% Wolle und höchstens 20% Polyamid</span></p>

<p>Eine Gugel aus Wolle mit Naturleinen gefüttert. S = für 54-55 cm Kopfumfang M = für 56-57 cm Kopfumfang L = für 58-59 cm Kopfumfang XL = für 60-61 cm Kopfumfang XXL = für 62-64 cm Kopfumfang Alle Farben mit einer Lieferzeit von 4-6 Wochen lieferbar. Maßanfertigungen sind für einen Aufpreis von 20% ebenfalls möglich. [&#8230;]
