{"id":11562,"date":"2023-04-27T15:51:32","date_gmt":"2023-04-27T14:51:32","guid":{"rendered":"https:\/\/www.mittelalterkraemer.de\/?post_type=product&#038;p=11562"},"modified":"2026-01-26T15:59:41","modified_gmt":"2026-01-26T14:59:41","slug":"fruehmittelalter-wollkleid-nach-funden-in-haithabu","status":"publish","type":"product","link":"https:\/\/www.mittelalterkraemer.de\/?product=fruehmittelalter-wollkleid-nach-funden-in-haithabu","title":{"rendered":"Fr\u00fchmittelalter &#8211; Wollkleid nach Funden in Haithabu"},"content":{"rendered":"<p>Ein Kleid nach Funden aus Haithabu aus Wollstoff ohne F\u00fctterung aus Leinen.<\/p>\n<p>S: 83-90 cm Brustumfang, 67-74 cm Taillenumfang, 91-98 cm H\u00fcftumfang, K\u00f6rpergr\u00f6\u00dfe 160-165 cm<br \/>\nM: 90-97 cm Brustumfang, 74-81 cm Taillenumfang, 98-105 cm H\u00fcftumfang, K\u00f6rpergr\u00f6\u00dfe 165-170 cm<br \/>\nL: 97-104 cm Brustumfang, 81-88 cm Taillenumfang, 105-112 cm H\u00fcftumfang, K\u00f6rpergr\u00f6\u00dfe 170-175 cm<br \/>\nXL: 104-114 cm Brustumfang, 88-98 cm Taillenumfang, 112-120 cm H\u00fcftumfang, K\u00f6rpergr\u00f6\u00dfe 175-180 cm<br \/>\nXXL: 114-124 cm Brustumfang, 98-108 cm Taillenumfang, 120-128 cm H\u00fcftumfang, K\u00f6rpergr\u00f6\u00dfe 180-185 cm<\/p>\n<p>Ma\u00dfanfertigungen sind f\u00fcr einen Aufpreis von 20% ebenfalls m\u00f6glich.*<br \/>\nWaren auf Ma\u00df sind vom Umtausch ausgeschlossen.<br \/>\nEine Tabelle f\u00fcr die erforderlichen Ma\u00dfe wird von uns nach Zahlungseingang versendet.<\/p>\n<p>Herstellungsdauer 4 \u2013 6 Wochen<\/p>\n<p>Alle <a href=\"http:\/\/www.mittelalterkraemer.de\/?page_id=8722\"><u>Farben<\/u><\/a> bei einer Lieferzeit von 6 &#8211; 12 Wochen m\u00f6glich.<\/p>\n<p>Ma\u00dfanfertigungen sind f\u00fcr einen Aufpreis von 20% ebenfalls m\u00f6glich.<br \/>\nWaren auf Ma\u00df sind vom Umtausch ausgeschlossen.<br \/>\nEine Tabelle f\u00fcr die erforderlichen Ma\u00dfe wird von uns nach Zahlungseingang versendet.<\/p>\n<p>Alle sichtbaren N\u00e4hte handvern\u00e4ht.<\/p>\n<p>Wolle &#8211; ca. 370 Gramm pro Quadratmeter<br \/>\nLeinen &#8211; ca. 230 Gramm pro Quadratmeter<\/p>\n<p><b>Dieses kn\u00f6chellange Kleid ist nach Funden gearbeitet wie sie in Haithabu gemacht wurden.<br \/>\nEs hat lange \u00c4rmel und reicht wenigstens bis zu den Kn\u00f6cheln, au\u00dferdem ist es aus Wollstoff gefertigt.<br \/>\nDer Schnitt dieses Kleides ist einfach und besteht aus einer rechteckigen Vorder- und R\u00fcckseite mit eingesetzten Keilen auf H\u00fcfth\u00f6he. Sie hat zudem einen kleinen V-f\u00f6rmigen Ausschnitt der das \u00dcberziehen erleichtert.<\/b><\/p>\n<p>Dieses Wikingerdamen Kleid ist ein Untergewand das wie ein Kittel \u00fcber der Unterw\u00e4sche getragen wurde.<br \/>\nEs war aus Wolle, Seide oder schlichtem Leinen, einfach abh\u00e4ngig vom Stand des Tr\u00e4gers. Das Kleid wurde \u00fcber den Kopf angezogen und war das Gewand das man in Haus und Hof trug. Bei Reisen w\u00fcrde dar\u00fcber ein Mantel oder ein Surcot, oder auch beides, getragen werden. Unter der Cotte trug man nur Unterw\u00e4sche in der man sich nicht freiwillig zeigte.<\/p>\n<p>Gegen Ende des Hochmittelalters wurde die Cotte auch taillierter und passgenauer, also k\u00f6rperbetonender, geschnitten was das Kleidungsst\u00fcck als &#8220;s\u00fcndig&#8221; in Verruf brachte.<\/p>\n<p>Die L\u00e4nge und das Material der Gew\u00e4nder hing vom Reichtum ab, daher auch der Begriff &#8220;Betuchte&#8221;, im allgemeinen waren die Gew\u00e4nder der Damen jedoch l\u00e4nger als die der Herren.<br \/>\nDas Kleid wurde immer mit einem G\u00fcrtel getragen, der das an sich unf\u00f6rmige Kleidungsst\u00fcck an Ort und Stelle hielt.<\/p>\n<p>&nbsp;<\/p>\n<p><span style=\"font-size: 75%;\">Dekorationsartikel geh\u00f6ren nicht zum Lieferumfang<\/span><\/p>\n<p><span style=\"font-size: 75%;\">*Ma\u00dfgefertigte Produkte werden individuell auf vom Kunden zur Verf\u00fcgung gestellten Ma\u00dfen angefertigt. Die entsprechende Ma\u00dftabelle wird nach Bestellung an die angegebene E-Mail-Adresse versendet. Die Ma\u00dfe m\u00fcssen so genommen werden wie die Kleidung nachher getragen werden soll, also mit entsprechender Unterw\u00e4sche\/-kleidung, falls gew\u00fcnscht.<\/span><\/p>\n<p><span style=\"font-size: 75%;\">**Komplett handvern\u00e4ht bedeutet dass alle N\u00e4hte von Hand vern\u00e4ht werden, inklusive aller sichtbaren und unsichtbaren N\u00e4hte.<\/span><\/p>\n<p><span style=\"font-size: 75%;\">***Wollstoff aus mindestens 80% Wolle und h\u00f6chstens 20% Polyamid<\/span><\/p>\n","protected":false},"excerpt":{"rendered":"<p>Ein Kleid nach Funden aus Haithabu aus Wollstoff ohne F\u00fctterung aus Leinen. S: 83-90 cm Brustumfang, 67-74 cm Taillenumfang, 91-98 cm H\u00fcftumfang, K\u00f6rpergr\u00f6\u00dfe 160-165 cm M: 90-97 cm Brustumfang, 74-81 cm Taillenumfang, 98-105 cm H\u00fcftumfang, K\u00f6rpergr\u00f6\u00dfe 165-170 cm L: 97-104 cm Brustumfang, 81-88 cm Taillenumfang, 105-112 cm H\u00fcftumfang, K\u00f6rpergr\u00f6\u00dfe 170-175 cm XL: 104-114 cm Brustumfang, [&#8230;]\n","protected":false},"featured_media":11572,"comment_status":"open","ping_status":"closed","template":"","meta":[],"product_brand":[],"product_cat":[74,89],"product_tag":[],"class_list":{"0":"post-11562","1":"product","2":"type-product","3":"status-publish","4":"has-post-thumbnail","6":"product_cat-kleidung-damen","7":"product_cat-bekleidung","8":"product_shipping_class-stdversand","9":"tm-has-options","11":"first","12":"instock","13":"featured","14":"taxable","15":"shipping-taxable","16":"purchasable","17":"product-type-variable","18":"has-default-attributes"},"_links":{"self":[{"href":"https:\/\/www.mittelalterkraemer.de\/index.php?rest_route=\/wp\/v2\/product\/11562","targetHints":{"allow":["GET"]}}],"collection":[{"href":"https:\/\/www.mittelalterkraemer.de\/index.php?rest_route=\/wp\/v2\/product"}],"about":[{"href":"https:\/\/www.mittelalterkraemer.de\/index.php?rest_route=\/wp\/v2\/types\/product"}],"replies":[{"embeddable":true,"href":"https:\/\/www.mittelalterkraemer.de\/index.php?rest_route=%2Fwp%2Fv2%2Fcomments&post=11562"}],"wp:featuredmedia":[{"embeddable":true,"href":"https:\/\/www.mittelalterkraemer.de\/index.php?rest_route=\/wp\/v2\/media\/11572"}],"wp:attachment":[{"href":"https:\/\/www.mittelalterkraemer.de\/index.php?rest_route=%2Fwp%2Fv2%2Fmedia&parent=11562"}],"wp:term":[{"taxonomy":"product_brand","embeddable":true,"href":"https:\/\/www.mittelalterkraemer.de\/index.php?rest_route=%2Fwp%2Fv2%2Fproduct_brand&post=11562"},{"taxonomy":"product_cat","embeddable":true,"href":"https:\/\/www.mittelalterkraemer.de\/index.php?rest_route=%2Fwp%2Fv2%2Fproduct_cat&post=11562"},{"taxonomy":"product_tag","embeddable":true,"href":"https:\/\/www.mittelalterkraemer.de\/index.php?rest_route=%2Fwp%2Fv2%2Fproduct_tag&post=11562"}],"curies":[{"name":"wp","href":"https:\/\/api.w.org\/{rel}","templated":true}]}}