{"id":14369,"date":"2026-04-21T09:50:08","date_gmt":"2026-04-21T08:50:08","guid":{"rendered":"https:\/\/www.mittelalterkraemer.de\/?post_type=product&#038;p=14369"},"modified":"2026-04-23T16:13:09","modified_gmt":"2026-04-23T15:13:09","slug":"spaetmittelalter-gugel-mit-verlaengertem-rueckenmaciejowksi-gugel","status":"publish","type":"product","link":"https:\/\/www.mittelalterkraemer.de\/?product=spaetmittelalter-gugel-mit-verlaengertem-rueckenmaciejowksi-gugel","title":{"rendered":"Sp\u00e4tmittelalter &#8211; Gugel mit verl\u00e4ngertem R\u00fccken|Maciejowksi-Gugel"},"content":{"rendered":"<p>Eine gekn\u00f6pfte Gugel mit kurzem Zipfel und weitem, im R\u00fccken verl\u00e4ngertem aus Wolle mit Leinen gef\u00fcttert<br \/>\nMa\u00dfgeschneidert<br \/>\nHerstellungsdauer 4 &#8211; 6 Wochen<\/p>\n<p>Alle sichtbaren N\u00e4hte handvern\u00e4ht.<\/p>\n<p>Wolle &#8211; ca. 370 Gramm pro Quadratmeter<br \/>\nLeinen &#8211; ca. 230 Gramm pro Quadratmeter<\/p>\n<p><b>Diese Gugel hat einen sehr weiten Kragen der im R\u00fccken verl\u00e4ngert ist, fast wie ein kleiner Mantel und kann vorne mit 6 Stoffkn\u00f6pfen geschlossen werden.<br \/>\nDie Kn\u00f6pfe haben vor allem den Vorteil dass Damen die Gugel trotz Haube tragen k\u00f6nnen.<br \/>\n<\/b><b>Der weite Kragen sorgt nicht nur als Schutz vor Wind und Wetter sondern sorgt auch daf\u00fcr dass die K\u00f6rperw\u00e4rme nicht nach oben \u00fcber die Schultern entweichen kann und gibt damit sch\u00f6n warm.<\/b><\/p>\n<p>Die Gugel ist eine Replik einer Abbildung aus der Maciejowki-, Crusader-, Kreuzfahrer- oder Morgan-Bibel. Dort ist die Gugel auf der Folio 32 recto zu sehen.<\/p>\n<p><span style=\"font-size: 75%;\">Dekorationsartikel geh\u00f6ren nicht zum Lieferumfang<\/span><\/p>\n<p><span style=\"font-size: 75%;\">*Ma\u00dfgefertigte Produkte werden individuell auf vom Kunden zur Verf\u00fcgung gestellten Ma\u00dfen angefertigt. Die entsprechende Ma\u00dftabelle wird nach Bestellung an die angegebene E-Mail-Adresse versendet. Die Ma\u00dfe m\u00fcssen so genommen werden wie die Kleidung nachher getragen werden soll, also mit entsprechender Unterw\u00e4sche\/-kleidung, falls gew\u00fcnscht.<\/span><\/p>\n<p><span style=\"font-size: 75%;\">**Komplett handvern\u00e4ht bedeutet dass alle N\u00e4hte von Hand vern\u00e4ht werden, inklusive aller sichtbaren und unsichtbaren N\u00e4hte.<\/span><\/p>\n<p><span style=\"font-size: 75%;\">***Wollstoff aus mindestens 80% Wolle und h\u00f6chstens 20% Polyamid<\/span><\/p>\n","protected":false},"excerpt":{"rendered":"<p>Eine gekn\u00f6pfte Gugel mit kurzem Zipfel und weitem, im R\u00fccken verl\u00e4ngertem aus Wolle mit Leinen gef\u00fcttert Ma\u00dfgeschneidert Herstellungsdauer 4 &#8211; 6 Wochen Alle sichtbaren N\u00e4hte handvern\u00e4ht. Wolle &#8211; ca. 370 Gramm pro Quadratmeter Leinen &#8211; ca. 230 Gramm pro Quadratmeter Diese Gugel hat einen sehr weiten Kragen der im R\u00fccken verl\u00e4ngert ist, fast wie ein [&#8230;]\n","protected":false},"featured_media":14703,"comment_status":"closed","ping_status":"closed","template":"","meta":[],"product_brand":[],"product_cat":[90,91,94,95],"product_tag":[],"class_list":{"0":"post-14369","1":"product","2":"type-product","3":"status-publish","4":"has-post-thumbnail","6":"product_cat-oberbekleidung-maentel","7":"product_cat-kopfbedeckungen","8":"product_cat-oberbekleidung-maentel-kleidung-herren","9":"product_cat-kopfbedeckungen-kleidung-herren","10":"tm-has-options","12":"first","13":"instock","14":"taxable","15":"shipping-taxable","16":"purchasable","17":"product-type-variable"},"_links":{"self":[{"href":"https:\/\/www.mittelalterkraemer.de\/index.php?rest_route=\/wp\/v2\/product\/14369","targetHints":{"allow":["GET"]}}],"collection":[{"href":"https:\/\/www.mittelalterkraemer.de\/index.php?rest_route=\/wp\/v2\/product"}],"about":[{"href":"https:\/\/www.mittelalterkraemer.de\/index.php?rest_route=\/wp\/v2\/types\/product"}],"replies":[{"embeddable":true,"href":"https:\/\/www.mittelalterkraemer.de\/index.php?rest_route=%2Fwp%2Fv2%2Fcomments&post=14369"}],"wp:featuredmedia":[{"embeddable":true,"href":"https:\/\/www.mittelalterkraemer.de\/index.php?rest_route=\/wp\/v2\/media\/14703"}],"wp:attachment":[{"href":"https:\/\/www.mittelalterkraemer.de\/index.php?rest_route=%2Fwp%2Fv2%2Fmedia&parent=14369"}],"wp:term":[{"taxonomy":"product_brand","embeddable":true,"href":"https:\/\/www.mittelalterkraemer.de\/index.php?rest_route=%2Fwp%2Fv2%2Fproduct_brand&post=14369"},{"taxonomy":"product_cat","embeddable":true,"href":"https:\/\/www.mittelalterkraemer.de\/index.php?rest_route=%2Fwp%2Fv2%2Fproduct_cat&post=14369"},{"taxonomy":"product_tag","embeddable":true,"href":"https:\/\/www.mittelalterkraemer.de\/index.php?rest_route=%2Fwp%2Fv2%2Fproduct_tag&post=14369"}],"curies":[{"name":"wp","href":"https:\/\/api.w.org\/{rel}","templated":true}]}}