{"id":295,"date":"2020-09-25T12:25:32","date_gmt":"2020-09-25T10:25:32","guid":{"rendered":"http:\/\/www.mittelalterkraemer.de\/?product=ballistol-50-ml-flasche-grundpreis-8-eur-100-ml"},"modified":"2026-01-12T14:47:46","modified_gmt":"2026-01-12T13:47:46","slug":"ballistol-50-ml-flasche-grundpreis-8-eur-100-ml","status":"publish","type":"product","link":"https:\/\/www.mittelalterkraemer.de\/?product=ballistol-50-ml-flasche-grundpreis-8-eur-100-ml","title":{"rendered":"Ballistol 50-ml-Flasche"},"content":{"rendered":"<p>Flasche mit 50 ml Inhalt.<br \/>\nPreis pro 100 ml: 8 Euro<br \/>\nDie schwere Flasche steht stabil und geht nicht kaputt.<\/p>\n<p><b>Eigenschaften:<br \/>\n<\/b><br \/>\nPflegt<br \/>\nSchmiert<br \/>\nDesinfiziert<br \/>\nSch\u00fctz vor Rost<br \/>\nErleichtert die Entfernung von Rost<br \/>\nKriecht in feinste Winkel<br \/>\nGleitaktiv<br \/>\nVerharzt nicht<br \/>\nReinigungsmittel alter nicht l\u00f6slicher R\u00fcckst\u00e4nde wie Harz<\/p>\n<p><b>Besonderheiten:<br \/>\n<\/b><\/p>\n<p>Lebensmittelecht<br \/>\nHautvertr\u00e4glich<br \/>\nNeutralisierung von Handschwei\u00df<br \/>\nSch\u00fctzt gegen Wasser und F\u00e4ulnis<\/p>\n<p><b>Umwelt:<br \/>\n<\/b><br \/>\nBiologisch vollst\u00e4ndig Abbaubar<br \/>\nBiologische Herkunft<br \/>\nKeine tierische Herkunft<\/p>\n<p><b>Einsatzbereich:<br \/>\n<\/b><br \/>\nPflege von Naturholz (bekommt wieder nat\u00fcrliches Schimmern zur\u00fcck)<br \/>\nPflege von spr\u00f6dem trockenen Leder (macht es wieder weich und elastisch jedoch nicht f\u00fcr Wildleder und es macht helles Leder etwas dunkler)<\/p>\n<p><b>Wir sch\u00fctzen unser gesamtes Lagerinventar \u00fcber den Winter vor Rost durch Ballistol (T\u00f6pfe\/ Pfannen\/ Kochs\u00e4ge\/ etc.).<\/b><\/p>\n<p>Auch meine Schwerter und Helme pflege ich damit.<br \/>\nDer Vorteil ist, dass sich Einrostungen durch Schwei\u00dfh\u00e4nde oder Tau leicht und schnell nur mit Hilfe eines Tuchs entfernen l\u00e4sst.<br \/>\nDes Weiteren bleibt eine \u00f6lige Patina, die auch nach Monaten nicht verharzt und mit einem Tuch im Zweifel doch leicht zu entfernen ist.<\/p>\n<p><span style=\"font-size: 75%;\">Dekorationsartikel geh\u00f6ren nicht zum Lieferumfang<\/span><\/p>\n<p><span style=\"font-size: 75%;\">Lieferzeit 3-5 Tage*****<\/span><\/p>\n<p><span style=\"font-size: 75%;\">***** gilt f\u00fcr Lieferungen innerhalb Deutschlands, Lieferzeiten f\u00fcr andere L\u00e4nder entnehmen Sie bitte der Schaltfl\u00e4che mit den Versandinformationen<\/span><\/p>\n","protected":false},"excerpt":{"rendered":"<p>Flasche mit 50 ml Inhalt. Preis pro 100 ml: 8 Euro Die schwere Flasche steht stabil und geht nicht kaputt. Eigenschaften: Pflegt Schmiert Desinfiziert Sch\u00fctz vor Rost Erleichtert die Entfernung von Rost Kriecht in feinste Winkel Gleitaktiv Verharzt nicht Reinigungsmittel alter nicht l\u00f6slicher R\u00fcckst\u00e4nde wie Harz Besonderheiten: Lebensmittelecht Hautvertr\u00e4glich Neutralisierung von Handschwei\u00df Sch\u00fctzt gegen Wasser [&#8230;]\n","protected":false},"featured_media":296,"comment_status":"open","ping_status":"closed","template":"","meta":[],"product_brand":[],"product_cat":[85,144],"product_tag":[],"class_list":{"0":"post-295","1":"product","2":"type-product","3":"status-publish","4":"has-post-thumbnail","6":"product_cat-bastelbedarf","7":"product_cat-alltagsgegenstaende","8":"product_shipping_class-stdversand","9":"tm-no-options","11":"first","12":"instock","13":"taxable","14":"shipping-taxable","15":"purchasable","16":"product-type-simple"},"_links":{"self":[{"href":"https:\/\/www.mittelalterkraemer.de\/index.php?rest_route=\/wp\/v2\/product\/295","targetHints":{"allow":["GET"]}}],"collection":[{"href":"https:\/\/www.mittelalterkraemer.de\/index.php?rest_route=\/wp\/v2\/product"}],"about":[{"href":"https:\/\/www.mittelalterkraemer.de\/index.php?rest_route=\/wp\/v2\/types\/product"}],"replies":[{"embeddable":true,"href":"https:\/\/www.mittelalterkraemer.de\/index.php?rest_route=%2Fwp%2Fv2%2Fcomments&post=295"}],"wp:featuredmedia":[{"embeddable":true,"href":"https:\/\/www.mittelalterkraemer.de\/index.php?rest_route=\/wp\/v2\/media\/296"}],"wp:attachment":[{"href":"https:\/\/www.mittelalterkraemer.de\/index.php?rest_route=%2Fwp%2Fv2%2Fmedia&parent=295"}],"wp:term":[{"taxonomy":"product_brand","embeddable":true,"href":"https:\/\/www.mittelalterkraemer.de\/index.php?rest_route=%2Fwp%2Fv2%2Fproduct_brand&post=295"},{"taxonomy":"product_cat","embeddable":true,"href":"https:\/\/www.mittelalterkraemer.de\/index.php?rest_route=%2Fwp%2Fv2%2Fproduct_cat&post=295"},{"taxonomy":"product_tag","embeddable":true,"href":"https:\/\/www.mittelalterkraemer.de\/index.php?rest_route=%2Fwp%2Fv2%2Fproduct_tag&post=295"}],"curies":[{"name":"wp","href":"https:\/\/api.w.org\/{rel}","templated":true}]}}