{"id":355,"date":"2020-09-25T12:26:14","date_gmt":"2020-09-25T10:26:14","guid":{"rendered":"http:\/\/www.mittelalterkraemer.de\/?product=spaetmittelalter-tunika-aus-wolle"},"modified":"2026-01-13T16:46:49","modified_gmt":"2026-01-13T15:46:49","slug":"spaetmittelalter-tunika-aus-wolle","status":"publish","type":"product","link":"https:\/\/www.mittelalterkraemer.de\/?product=spaetmittelalter-tunika-aus-wolle","title":{"rendered":"Sp\u00e4tmittelalter &#8211; Tunika aus Wolle"},"content":{"rendered":"<p>Eine Tunika aus Wollstoff.<br \/>\nS: 92-100 cm Brustumfang, 80-88 cm Taillenumfang, 91-98 cm H\u00fcftumfang, K\u00f6rpergr\u00f6\u00dfe 170-176 cm<br \/>\nM: 100-108 cm Brustumfang, 88-96 cm Taillenumfang, 98-105 cm H\u00fcftumfang, K\u00f6rpergr\u00f6\u00dfe 176-182 cm<br \/>\nL: 108-116 cm Brustumfang, 96-104 cm Taillenumfang, 105-112 cm H\u00fcftumfang, K\u00f6rpergr\u00f6\u00dfe 182-188 cm<br \/>\nXL: 116-124 cm Brustumfang, 104-112 cm Taillenumfang, 112-120 cm H\u00fcftumfang, K\u00f6rpergr\u00f6\u00dfe 188-194 cm<br \/>\nXXL: 124-132 cm Brustumfang, 112-120 cm Taillenumfang, 120-128 cm H\u00fcftumfang, K\u00f6rpergr\u00f6\u00dfe 194-200 cm<br \/>\nDie L\u00e4nge des Gewandes betr\u00e4gt ungef\u00e4hr 100 cm.<\/p>\n<p>Die Farben sind braun, rot, dunkelgr\u00fcn und dunkelblau auf Lager und sofort erh\u00e4ltlich.<br \/>\nAlle anderen <a href=\"http:\/\/www.mittelalterkraemer.de\/?page_id=8722\"><u>Farben<\/u><\/a> bei einer Lieferzeit von 6 &#8211; 12 Wochen ebenfalls m\u00f6glich.<\/p>\n<p>Ma\u00dfanfertigungen sind f\u00fcr einen Aufpreis von 20% ebenfalls m\u00f6glich.<br \/>\nWaren auf Ma\u00df sind vom Umtausch ausgeschlossen.<br \/>\nEine Tabelle f\u00fcr die erforderlichen Ma\u00dfe wird von uns nach Zahlungseingang versendet.<\/p>\n<p>Alle sichtbaren N\u00e4hte handvern\u00e4ht.<\/p>\n<p>Wolle &#8211; ca. 370 Gramm pro Quadratmeter<br \/>\nLeinen &#8211; ca. 230 Gramm pro Quadratmeter<\/p>\n<p><b>Die Tunika reicht bis knapp \u00fcber die Knie und hat lange \u00c4rmel. Sie ist aus Wollstoff gefertigt. Au\u00dferdem hat die Tunika seitlich und vorne und hinten Auslassungen damit man auch ohne die von der Cotta bekannten Schlitze bequem gehen konnte.<br \/>\nDer Schnitt einer Tunika ist so einfach wie der der Cotta und besteht aus einer rechteckigen Vorder- und R\u00fcckseite mit eingesetzten Keilen auf H\u00fcfth\u00f6he. Sie hat zudem einen kleinen Ausschnitt der das \u00dcberziehen erleichtert und mit 4 Kn\u00f6pfen verschlossen werden kann. <\/b><\/p>\n<p>Die Cotta war eigentlich nur eine \u00dcbergangsl\u00f6sung bevor die Tunika die wir schon von den R\u00f6mern kennen, sich wieder durchsetzte. W\u00fcrden wir nicht so viele Worte aus \u00dcbersee \u00fcbernehmen, hie\u00dfen unsere einfach geschnittenen T-Shirts auch Tunika.<br \/>\nSie wurde aus Wolle oder schlichtem Leinen gerfertigt, einfach abh\u00e4ngig vom Stand des Tr\u00e4gers.<br \/>\nDie hier angebotene Tunika ist eher als schlichtes Obergewand gedacht und daher aus Wolle gefertigt. Im Gegensatz zum R\u00f6mischen Vorbild war die Tunika im Hochmittelalter n\u00e4mlich kein Teil der Untergew\u00e4nder.<br \/>\nBei Reisen wurde dar\u00fcber ein Mantel oder ein Surcot, oder auch beides, getragen werden. Unter der Tunika trug man nur Unterw\u00e4sche (wozu auch Hemden geh\u00f6rten) in der man sich nicht freiwillig zeigte.<\/p>\n<p>Die L\u00e4nge und das Material der Gew\u00e4nder hing vom Reichtum ab, daher auch der Begriff &#8220;Betuchte&#8221;.<br \/>\nDie Tunika wurde wie die Cotte immer nur mit einem G\u00fcrtel getragen, der das an sich unf\u00f6rmige Kleidungsst\u00fcck an Ort und Stelle hielt.<\/p>\n<p>Bilder von solchen Tunikas gibt es im Sachsenspiegel haufenweise. Gerade als etwas k\u00fcrzere Version der Cotte und als einfacheres Gewand f\u00fcr Bauern und Handwerker. Mit das Sch\u00f6nste das ich gefunden habe findet ihr auf der Folio 33 recto.<\/p>\n<p><span style=\"font-size: 75%;\">Dekorationsartikel geh\u00f6ren nicht zum Lieferumfang<\/span><\/p>\n<p><span style=\"font-size: 75%;\">*Ma\u00dfgefertigte Produkte werden individuell auf vom Kunden zur Verf\u00fcgung gestellten Ma\u00dfen angefertigt. Die entsprechende Ma\u00dftabelle wird nach Bestellung an die angegebene E-Mail-Adresse versendet. Die Ma\u00dfe m\u00fcssen so genommen werden wie die Kleidung nachher getragen werden soll, also mit entsprechender Unterw\u00e4sche\/-kleidung, falls gew\u00fcnscht.<\/span><\/p>\n<p><span style=\"font-size: 75%;\">**Komplett handvern\u00e4ht bedeutet dass alle N\u00e4hte von Hand vern\u00e4ht werden, inklusive aller sichtbaren und unsichtbaren N\u00e4hte.<\/span><\/p>\n<p><span style=\"font-size: 75%;\">***Wollstoff aus mindestens 80% Wolle und h\u00f6chstens 20% Polyamid<\/span><\/p>\n","protected":false},"excerpt":{"rendered":"<p>Eine Tunika aus Wollstoff. S: 92-100 cm Brustumfang, 80-88 cm Taillenumfang, 91-98 cm H\u00fcftumfang, K\u00f6rpergr\u00f6\u00dfe 170-176 cm M: 100-108 cm Brustumfang, 88-96 cm Taillenumfang, 98-105 cm H\u00fcftumfang, K\u00f6rpergr\u00f6\u00dfe 176-182 cm L: 108-116 cm Brustumfang, 96-104 cm Taillenumfang, 105-112 cm H\u00fcftumfang, K\u00f6rpergr\u00f6\u00dfe 182-188 cm XL: 116-124 cm Brustumfang, 104-112 cm Taillenumfang, 112-120 cm H\u00fcftumfang, K\u00f6rpergr\u00f6\u00dfe 188-194 [&#8230;]\n","protected":false},"featured_media":12072,"comment_status":"open","ping_status":"closed","template":"","meta":[],"product_brand":[],"product_cat":[75,93],"product_tag":[],"class_list":{"0":"post-355","1":"product","2":"type-product","3":"status-publish","4":"has-post-thumbnail","6":"product_cat-kleidung-herren","7":"product_cat-bekleidung-kleidung-herren","8":"product_shipping_class-stdversand","9":"tm-has-options","11":"first","12":"instock","13":"taxable","14":"shipping-taxable","15":"purchasable","16":"product-type-variable","17":"has-default-attributes"},"_links":{"self":[{"href":"https:\/\/www.mittelalterkraemer.de\/index.php?rest_route=\/wp\/v2\/product\/355","targetHints":{"allow":["GET"]}}],"collection":[{"href":"https:\/\/www.mittelalterkraemer.de\/index.php?rest_route=\/wp\/v2\/product"}],"about":[{"href":"https:\/\/www.mittelalterkraemer.de\/index.php?rest_route=\/wp\/v2\/types\/product"}],"replies":[{"embeddable":true,"href":"https:\/\/www.mittelalterkraemer.de\/index.php?rest_route=%2Fwp%2Fv2%2Fcomments&post=355"}],"wp:featuredmedia":[{"embeddable":true,"href":"https:\/\/www.mittelalterkraemer.de\/index.php?rest_route=\/wp\/v2\/media\/12072"}],"wp:attachment":[{"href":"https:\/\/www.mittelalterkraemer.de\/index.php?rest_route=%2Fwp%2Fv2%2Fmedia&parent=355"}],"wp:term":[{"taxonomy":"product_brand","embeddable":true,"href":"https:\/\/www.mittelalterkraemer.de\/index.php?rest_route=%2Fwp%2Fv2%2Fproduct_brand&post=355"},{"taxonomy":"product_cat","embeddable":true,"href":"https:\/\/www.mittelalterkraemer.de\/index.php?rest_route=%2Fwp%2Fv2%2Fproduct_cat&post=355"},{"taxonomy":"product_tag","embeddable":true,"href":"https:\/\/www.mittelalterkraemer.de\/index.php?rest_route=%2Fwp%2Fv2%2Fproduct_tag&post=355"}],"curies":[{"name":"wp","href":"https:\/\/api.w.org\/{rel}","templated":true}]}}