{"id":419,"date":"2020-09-25T12:27:00","date_gmt":"2020-09-25T10:27:00","guid":{"rendered":"http:\/\/www.mittelalterkraemer.de\/?product=gewandschliesse-rautenfoermig"},"modified":"2026-01-12T14:47:48","modified_gmt":"2026-01-12T13:47:48","slug":"gewandschliesse-rautenfoermig","status":"publish","type":"product","link":"https:\/\/www.mittelalterkraemer.de\/?product=gewandschliesse-rautenfoermig","title":{"rendered":"Gewandschlie\u00dfe rautenf\u00f6rmig"},"content":{"rendered":"<p>Fibel aus Messing in Rautenform<br \/>\nBreite 38 mm<\/p>\n<p><b>Replika eines Fundes aus der heutigen Slowakei.<br \/>\nDiese schlichte Fibel hielt nicht nur Kleidung zusammen sondern war gleicherma\u00dfen auch Schmuckst\u00fcck.<\/b><\/p>\n<p>Das Original wurde in der heutigen Slowakei gefunden und wurde auf Mitte des 13. Jahrhunderts datiert.<\/p>\n<p><span style=\"font-size: 75%;\">Dekorationsartikel geh\u00f6ren nicht zum Lieferumfang. Lieferzeit 3-5 Tage*****.<\/span><\/p>\n<p><span style=\"font-size: 75%;\">***** gilt f\u00fcr Lieferungen innerhalb Deutschlands, Lieferzeiten f\u00fcr andere L\u00e4nder entnehmen Sie bitte der Schaltfl\u00e4che mit den Versandinformationen<\/span><\/p>\n","protected":false},"excerpt":{"rendered":"<p>Fibel aus Messing in Rautenform Breite 38 mm Replika eines Fundes aus der heutigen Slowakei. Diese schlichte Fibel hielt nicht nur Kleidung zusammen sondern war gleicherma\u00dfen auch Schmuckst\u00fcck. Das Original wurde in der heutigen Slowakei gefunden und wurde auf Mitte des 13. Jahrhunderts datiert. Dekorationsartikel geh\u00f6ren nicht zum Lieferumfang. Lieferzeit 3-5 Tage*****. ***** gilt f\u00fcr [&#8230;]\n","protected":false},"featured_media":420,"comment_status":"open","ping_status":"closed","template":"","meta":[],"product_brand":[],"product_cat":[77,130],"product_tag":[],"class_list":{"0":"post-419","1":"product","2":"type-product","3":"status-publish","4":"has-post-thumbnail","6":"product_cat-accessoires","7":"product_cat-geschmeide-sakramentale","8":"product_shipping_class-stdversand","9":"tm-no-options","11":"first","12":"instock","13":"taxable","14":"shipping-taxable","15":"purchasable","16":"product-type-simple"},"_links":{"self":[{"href":"https:\/\/www.mittelalterkraemer.de\/index.php?rest_route=\/wp\/v2\/product\/419","targetHints":{"allow":["GET"]}}],"collection":[{"href":"https:\/\/www.mittelalterkraemer.de\/index.php?rest_route=\/wp\/v2\/product"}],"about":[{"href":"https:\/\/www.mittelalterkraemer.de\/index.php?rest_route=\/wp\/v2\/types\/product"}],"replies":[{"embeddable":true,"href":"https:\/\/www.mittelalterkraemer.de\/index.php?rest_route=%2Fwp%2Fv2%2Fcomments&post=419"}],"wp:featuredmedia":[{"embeddable":true,"href":"https:\/\/www.mittelalterkraemer.de\/index.php?rest_route=\/wp\/v2\/media\/420"}],"wp:attachment":[{"href":"https:\/\/www.mittelalterkraemer.de\/index.php?rest_route=%2Fwp%2Fv2%2Fmedia&parent=419"}],"wp:term":[{"taxonomy":"product_brand","embeddable":true,"href":"https:\/\/www.mittelalterkraemer.de\/index.php?rest_route=%2Fwp%2Fv2%2Fproduct_brand&post=419"},{"taxonomy":"product_cat","embeddable":true,"href":"https:\/\/www.mittelalterkraemer.de\/index.php?rest_route=%2Fwp%2Fv2%2Fproduct_cat&post=419"},{"taxonomy":"product_tag","embeddable":true,"href":"https:\/\/www.mittelalterkraemer.de\/index.php?rest_route=%2Fwp%2Fv2%2Fproduct_tag&post=419"}],"curies":[{"name":"wp","href":"https:\/\/api.w.org\/{rel}","templated":true}]}}