{"id":471,"date":"2020-09-25T12:27:18","date_gmt":"2020-09-25T10:27:18","guid":{"rendered":"http:\/\/www.mittelalterkraemer.de\/?product=spaetmittelalter-guertel-mit-lilienpraegung"},"modified":"2026-01-12T14:39:25","modified_gmt":"2026-01-12T13:39:25","slug":"spaetmittelalter-guertel-mit-lilienpraegung","status":"publish","type":"product","link":"https:\/\/www.mittelalterkraemer.de\/?product=spaetmittelalter-guertel-mit-lilienpraegung","title":{"rendered":"Sp\u00e4tmittelalter &#8211; G\u00fcrtel mit Lilienpr\u00e4gung"},"content":{"rendered":"<p>Es handelt sich hier um einen mit Lilien punzierten Lederg\u00fcrtel.<br \/>\nBreite: 1,3 cm<br \/>\nL\u00e4nge: 1,6 m<br \/>\nLederst\u00e4rke 3 mm<\/p>\n<p>In 4-6 Wochen lieferbar.<\/p>\n<p><b> Der G\u00fcrtel aus Leder ist \u00fcber die ganze L\u00e4nge mit Lilienpr\u00e4gungen verziert. Der G\u00fcrtel ist ziemlich breit. An der Zunge und an der Schnalle ist der G\u00fcrtel mit f\u00fcr Sp\u00e4tmittelalter typischen kurzen und verzierten Messingbeschl\u00e4gen verst\u00e4rkt. <\/b><\/p>\n<p>G\u00fcrtel waren in allen Bev\u00f6lkerungsgruppen verbreitet und notwendiges \u00dcbel wenn man so will. Taschen in Jacken und Hosen waren noch nicht erfunden und so musste alles was man am Leib trug am G\u00fcrtel befestigt werden (Almosenbeutel, Gebrauchsmesser&#8230;). Au\u00dferdem wurden durch G\u00fcrtel die wenig k\u00f6rperbetonten Kleidungsst\u00fccke an Ort und Stelle gehalten.<\/p>\n<p>Nat\u00fcrlich waren lederne G\u00fcrtel, vor allem mit Beschl\u00e4gen eher f\u00fcr die reicheren der Gesellschaft. Bauern und anderes niedriges Volk trugen vorwiegend Borten, Kordeln oder einfache Seile als G\u00fcrtel.<\/p>\n<p>Die Schnalle und Pr\u00e4gung dieses G\u00fcrtels basiert auf Funden in England, die Beschl\u00e4ge auf Funde in Danzig. Das Leder ist mit nat\u00fcrlichen Pigmenten gef\u00e4rbt.<br \/>\nEinen solchen langen G\u00fcrtel mit Beschl\u00e4gen und Schnallen tr\u00e4gt zum Beispiel Herr Reinmar von Brennenberg im Codex Manesse.<\/p>\n<p><span style=\"font-size: 80%;\">Dekorationsartikel geh\u00f6ren nicht zum Lieferumfang<\/span><\/p>\n","protected":false},"excerpt":{"rendered":"<p>Es handelt sich hier um einen mit Lilien punzierten Lederg\u00fcrtel. Breite: 1,3 cm L\u00e4nge: 1,6 m Lederst\u00e4rke 3 mm In 4-6 Wochen lieferbar. Der G\u00fcrtel aus Leder ist \u00fcber die ganze L\u00e4nge mit Lilienpr\u00e4gungen verziert. Der G\u00fcrtel ist ziemlich breit. An der Zunge und an der Schnalle ist der G\u00fcrtel mit f\u00fcr Sp\u00e4tmittelalter typischen kurzen [&#8230;]\n","protected":false},"featured_media":12099,"comment_status":"closed","ping_status":"closed","template":"","meta":[],"product_brand":[],"product_cat":[77,129],"product_tag":[],"class_list":{"0":"post-471","1":"product","2":"type-product","3":"status-publish","4":"has-post-thumbnail","6":"product_cat-accessoires","7":"product_cat-guertel-baender","8":"tm-no-options","10":"first","11":"instock","12":"taxable","13":"shipping-taxable","14":"purchasable","15":"product-type-variable"},"_links":{"self":[{"href":"https:\/\/www.mittelalterkraemer.de\/index.php?rest_route=\/wp\/v2\/product\/471","targetHints":{"allow":["GET"]}}],"collection":[{"href":"https:\/\/www.mittelalterkraemer.de\/index.php?rest_route=\/wp\/v2\/product"}],"about":[{"href":"https:\/\/www.mittelalterkraemer.de\/index.php?rest_route=\/wp\/v2\/types\/product"}],"replies":[{"embeddable":true,"href":"https:\/\/www.mittelalterkraemer.de\/index.php?rest_route=%2Fwp%2Fv2%2Fcomments&post=471"}],"wp:featuredmedia":[{"embeddable":true,"href":"https:\/\/www.mittelalterkraemer.de\/index.php?rest_route=\/wp\/v2\/media\/12099"}],"wp:attachment":[{"href":"https:\/\/www.mittelalterkraemer.de\/index.php?rest_route=%2Fwp%2Fv2%2Fmedia&parent=471"}],"wp:term":[{"taxonomy":"product_brand","embeddable":true,"href":"https:\/\/www.mittelalterkraemer.de\/index.php?rest_route=%2Fwp%2Fv2%2Fproduct_brand&post=471"},{"taxonomy":"product_cat","embeddable":true,"href":"https:\/\/www.mittelalterkraemer.de\/index.php?rest_route=%2Fwp%2Fv2%2Fproduct_cat&post=471"},{"taxonomy":"product_tag","embeddable":true,"href":"https:\/\/www.mittelalterkraemer.de\/index.php?rest_route=%2Fwp%2Fv2%2Fproduct_tag&post=471"}],"curies":[{"name":"wp","href":"https:\/\/api.w.org\/{rel}","templated":true}]}}