{"id":9997,"date":"2021-12-07T18:44:45","date_gmt":"2021-12-07T16:44:45","guid":{"rendered":"https:\/\/www.mittelalterkraemer.de\/?post_type=product&#038;p=9997"},"modified":"2026-01-12T14:48:38","modified_gmt":"2026-01-12T13:48:38","slug":"einfache-gerade-flasche","status":"publish","type":"product","link":"https:\/\/www.mittelalterkraemer.de\/?product=einfache-gerade-flasche","title":{"rendered":"Einfache gerade Flasche"},"content":{"rendered":"<p>H\u00f6he 23 cm<br \/>\nInhalt 0,95 Liter<\/p>\n<p>Handgefertigt<\/p>\n<p>Nur noch in dunkelgr\u00fcn auf Lager. In 3-5 Tagen lieferbar!<\/p>\n<p><b>Eine einfache Flasche mit gerader Form und d\u00fcnnem Hals. Mit einem Korken verschlossen.<br \/>\nDer Ring um den Hals soll ein verschmutzen des Tisches oder der Tischdecke verhindern.<br \/>\nDas Glas ist mit winzigen Luftblaseneinschl\u00fcssen durchzogen<\/b><\/p>\n<p>Inspiriert wurde die Form der Flasche von Exponaten aus dem Metropolitan Museum, New York.<\/p>\n<p>\u00c4hnliche Flaschen fanden sich bereits im 12. Jahrhundert und sie hielten sich erstaunlicherweise bis weit ins 19. Jahrhundert.<\/p>\n<p>Beachtet bitte auch die anderen <a href=\"https:\/\/www.mittelalterkraemer.de\/?product_cat=flaschen-und-glaeser\">Flaschen und Gl\u00e4ser<\/a><\/p>\n<p><span style=\"font-size: 75%;\">Dekorationsartikel geh\u00f6ren nicht zum Lieferumfang.<\/span><\/p>\n","protected":false},"excerpt":{"rendered":"<p>H\u00f6he 23 cm Inhalt 0,95 Liter Handgefertigt Nur noch in dunkelgr\u00fcn auf Lager. In 3-5 Tagen lieferbar! Eine einfache Flasche mit gerader Form und d\u00fcnnem Hals. Mit einem Korken verschlossen. Der Ring um den Hals soll ein verschmutzen des Tisches oder der Tischdecke verhindern. Das Glas ist mit winzigen Luftblaseneinschl\u00fcssen durchzogen Inspiriert wurde die Form [&#8230;]\n","protected":false},"featured_media":10391,"comment_status":"open","ping_status":"closed","template":"","meta":[],"product_brand":[],"product_cat":[80,81,144,165],"product_tag":[],"class_list":{"0":"post-9997","1":"product","2":"type-product","3":"status-publish","4":"has-post-thumbnail","6":"product_cat-kueche","7":"product_cat-lagerausstattung","8":"product_cat-alltagsgegenstaende","9":"product_cat-flaschen-und-glaeser","10":"tm-no-options","12":"first","13":"instock","14":"taxable","15":"shipping-taxable","16":"purchasable","17":"product-type-simple"},"_links":{"self":[{"href":"https:\/\/www.mittelalterkraemer.de\/index.php?rest_route=\/wp\/v2\/product\/9997","targetHints":{"allow":["GET"]}}],"collection":[{"href":"https:\/\/www.mittelalterkraemer.de\/index.php?rest_route=\/wp\/v2\/product"}],"about":[{"href":"https:\/\/www.mittelalterkraemer.de\/index.php?rest_route=\/wp\/v2\/types\/product"}],"replies":[{"embeddable":true,"href":"https:\/\/www.mittelalterkraemer.de\/index.php?rest_route=%2Fwp%2Fv2%2Fcomments&post=9997"}],"wp:featuredmedia":[{"embeddable":true,"href":"https:\/\/www.mittelalterkraemer.de\/index.php?rest_route=\/wp\/v2\/media\/10391"}],"wp:attachment":[{"href":"https:\/\/www.mittelalterkraemer.de\/index.php?rest_route=%2Fwp%2Fv2%2Fmedia&parent=9997"}],"wp:term":[{"taxonomy":"product_brand","embeddable":true,"href":"https:\/\/www.mittelalterkraemer.de\/index.php?rest_route=%2Fwp%2Fv2%2Fproduct_brand&post=9997"},{"taxonomy":"product_cat","embeddable":true,"href":"https:\/\/www.mittelalterkraemer.de\/index.php?rest_route=%2Fwp%2Fv2%2Fproduct_cat&post=9997"},{"taxonomy":"product_tag","embeddable":true,"href":"https:\/\/www.mittelalterkraemer.de\/index.php?rest_route=%2Fwp%2Fv2%2Fproduct_tag&post=9997"}],"curies":[{"name":"wp","href":"https:\/\/api.w.org\/{rel}","templated":true}]}}